{"id":2174,"date":"2024-09-27T13:26:26","date_gmt":"2024-09-27T13:26:26","guid":{"rendered":"https:\/\/festoonmedia.com\/dev\/?post_type=product&#038;p=2174"},"modified":"2025-01-07T12:01:58","modified_gmt":"2025-01-07T12:01:58","slug":"grenat-silk-skirt","status":"publish","type":"product","link":"https:\/\/festoonmedia.com\/dev\/product\/grenat-silk-skirt\/","title":{"rendered":"GRENAT SILK SKIRT"},"content":{"rendered":"","protected":false},"excerpt":{"rendered":"<p>Jupe ample en soie tiss\u00e9e \u00e0 main au Bengal.<br \/>\nElle est l\u00e9g\u00e8re et tr\u00e8s f\u00e9minine. Gr\u00e2ce \u00e0 sa doublure, elle n\u2019est pas transparente.<br \/>\nLa jupe a une taille plate devant et est mont\u00e9e sur \u00e9lastique au dos.<br \/>\nPlis creux sur le devant. Fronces au dos.<br \/>\nUn lien au dos permet de resserrer la taille.<br \/>\nLa jupe est doubl\u00e9e d\u2019un voile de coton ton sur ton.<br \/>\nDeux poches cot\u00e9es.<br \/>\nLongueur de la jupe: 88 cm en taille Small.<br \/>\nLargeur \u00e0 la taille \u00e0 plat: 35 cm<\/p>\n<p><strong>Composition:<\/strong><br \/>\n100% Soie, doublure 100% coton.<\/p>\n<p><strong>Instruction De Lavage:<\/strong><br \/>\nLavage en machine \u00e0 froid sur programme d\u00e9licat.<\/p>\n<hr>\n<p><em>A wide and long skirt in hand woven silk.<\/em><br \/>\n<em>Stitched pleats at from side with a flat waist band.<\/em><br \/>\n<em>Elasticated at the back side with draw strings to be adjustable.<\/em><br \/>\n<em>The skirt is lined with a cotton voile.<\/em><br \/>\n<em>Two pockets.<\/em><br \/>\n<em>The total length of the skirt is 88 cm.<\/em><br \/>\n<em>The waist width is 35 cm (non stretched)<\/em><\/p>\n<p><em><strong>Composition:<\/strong><\/em><br \/>\n<em>100% Silk, lining in 100% cotton<\/em><\/p>\n<p><em><strong>Care instruction:<\/strong><\/em><br \/>\n<em>Washed in cold water, gentle program.<\/em><\/p>\n","protected":false},"featured_media":2179,"comment_status":"open","ping_status":"closed","template":"","meta":[],"etheme_brands":[],"product_cat":[46],"product_tag":[],"class_list":{"0":"post-2174","1":"product","2":"type-product","3":"status-publish","4":"has-post-thumbnail","6":"product_cat-skirts","8":"first","9":"instock","10":"shipping-taxable","11":"purchasable","12":"product-type-variable"},"_links":{"self":[{"href":"https:\/\/festoonmedia.com\/dev\/wp-json\/wp\/v2\/product\/2174","targetHints":{"allow":["GET"]}}],"collection":[{"href":"https:\/\/festoonmedia.com\/dev\/wp-json\/wp\/v2\/product"}],"about":[{"href":"https:\/\/festoonmedia.com\/dev\/wp-json\/wp\/v2\/types\/product"}],"replies":[{"embeddable":true,"href":"https:\/\/festoonmedia.com\/dev\/wp-json\/wp\/v2\/comments?post=2174"}],"version-history":[{"count":3,"href":"https:\/\/festoonmedia.com\/dev\/wp-json\/wp\/v2\/product\/2174\/revisions"}],"predecessor-version":[{"id":3591,"href":"https:\/\/festoonmedia.com\/dev\/wp-json\/wp\/v2\/product\/2174\/revisions\/3591"}],"wp:featuredmedia":[{"embeddable":true,"href":"https:\/\/festoonmedia.com\/dev\/wp-json\/wp\/v2\/media\/2179"}],"wp:attachment":[{"href":"https:\/\/festoonmedia.com\/dev\/wp-json\/wp\/v2\/media?parent=2174"}],"wp:term":[{"taxonomy":"brand","embeddable":true,"href":"https:\/\/festoonmedia.com\/dev\/wp-json\/wp\/v2\/etheme_brands?post=2174"},{"taxonomy":"product_cat","embeddable":true,"href":"https:\/\/festoonmedia.com\/dev\/wp-json\/wp\/v2\/product_cat?post=2174"},{"taxonomy":"product_tag","embeddable":true,"href":"https:\/\/festoonmedia.com\/dev\/wp-json\/wp\/v2\/product_tag?post=2174"}],"curies":[{"name":"wp","href":"https:\/\/api.w.org\/{rel}","templated":true}]}}